{"id":132,"date":"2024-12-18T21:51:43","date_gmt":"2024-12-18T20:51:43","guid":{"rendered":"http:\/\/www.archi-pierre.fr\/blizzzart\/?page_id=132"},"modified":"2026-01-12T18:02:10","modified_gmt":"2026-01-12T17:02:10","slug":"adherer","status":"publish","type":"page","link":"https:\/\/www.archi-pierre.fr\/blizzzart\/adherer\/","title":{"rendered":"ADHERER"},"content":{"rendered":"\n<hr class=\"wp-block-separator has-alpha-channel-opacity\"\/>\n\n\n\n<div class=\"wp-block-media-text is-stacked-on-mobile\" style=\"grid-template-columns:34% auto\"><figure class=\"wp-block-media-text__media\"><a href=\"https:\/\/www.helloasso.com\/associations\/foksa-2\/adhesions\/adhesion-2023\"><img loading=\"lazy\" decoding=\"async\" width=\"518\" height=\"240\" src=\"https:\/\/www.archi-pierre.fr\/blizzzart\/wp-content\/uploads\/2025\/01\/logohelloasso.png\" alt=\"\" class=\"wp-image-296 size-full\" srcset=\"https:\/\/www.archi-pierre.fr\/blizzzart\/wp-content\/uploads\/2025\/01\/logohelloasso.png 518w, https:\/\/www.archi-pierre.fr\/blizzzart\/wp-content\/uploads\/2025\/01\/logohelloasso-300x139.png 300w\" sizes=\"auto, (max-width: 518px) 100vw, 518px\" \/><\/a><\/figure><div class=\"wp-block-media-text__content\">\n<p>C&rsquo;est simple et rapide, avec le lien ci-dessous \u00ab\u00a0HelloAsso\u00a0\u00bb tu peux adh\u00e9rer \u00e0 notre association au tarif qui te convient!<\/p>\n<\/div><\/div>\n\n\n\n<div class=\"wp-block-group is-vertical is-layout-flex wp-container-core-group-is-layout-8cf370e7 wp-block-group-is-layout-flex\">\n<hr class=\"wp-block-separator has-alpha-channel-opacity\"\/>\n<\/div>\n\n\n\n<iframe id=\"haWidget\" allowtransparency=\"true\" src=\"https:\/\/www.helloasso.com\/associations\/foksa-2\/adhesions\/adhesion-2026\/widget-bouton\" style=\"width: 100%; height: 70px; border: none;\" onload=\"window.addEventListener( 'message', function(e) { const dataHeight = e.data.height; const haWidgetElement = document.getElementById('haWidget'); haWidgetElement.height = dataHeight + 'px'; } )\" ><\/iframe>\n\n\n\n<iframe id=\"haWidget\" allowtransparency=\"true\" src=\"https:\/\/www.helloasso.com\/associations\/foksa-2\/adhesions\/adhesion-2026\/widget\" style=\"width: 100%; border: none;\" onload=\"window.addEventListener( 'message', function(e) { const dataHeight = e.data.height; const haWidgetElement = document.getElementById('haWidget'); haWidgetElement.height = dataHeight + 'px'; } )\" ><\/iframe>\n\n\n\n<p><\/p>\n\n\n\n<h3 class=\"wp-block-heading\" id=\"cc-m-header-10693720819\"><strong>Pourquoi adh\u00e9rer \u00e0 FOKSA ?<\/strong> <\/h3>\n\n\n\n<p>En adh\u00e9rant \u00e0 prix libre et conscient, on te permet de nous soutenir \u00e0 hauteur de tes moyens, d&rsquo;avance merci pour ta g\u00e9n\u00e9rosit\u00e9. L&rsquo;adh\u00e9sion permet de valoriser l&rsquo;impact social de l&rsquo;asso et de financer des actions courantes. Encore merci ! Le c\u00f4t\u00e9 conscient, regarde autour de toi le montant classique d&rsquo;une adh\u00e9sion \u00e0 une association&#8230;<\/p>\n","protected":false},"excerpt":{"rendered":"<p>C&rsquo;est simple et rapide, avec le lien ci-dessous \u00ab\u00a0HelloAsso\u00a0\u00bb tu peux adh\u00e9rer \u00e0 notre association au tarif qui te convient! Pourquoi adh\u00e9rer \u00e0 FOKSA ? En adh\u00e9rant \u00e0 prix libre et conscient, on te permet de nous soutenir \u00e0 hauteur de tes moyens, d&rsquo;avance merci pour ta g\u00e9n\u00e9rosit\u00e9. L&rsquo;adh\u00e9sion permet&#8230;<\/p>\n","protected":false},"author":1,"featured_media":0,"parent":0,"menu_order":0,"comment_status":"closed","ping_status":"closed","template":"","meta":{"footnotes":""},"class_list":["post-132","page","type-page","status-publish","hentry"],"_links":{"self":[{"href":"https:\/\/www.archi-pierre.fr\/blizzzart\/wp-json\/wp\/v2\/pages\/132","targetHints":{"allow":["GET"]}}],"collection":[{"href":"https:\/\/www.archi-pierre.fr\/blizzzart\/wp-json\/wp\/v2\/pages"}],"about":[{"href":"https:\/\/www.archi-pierre.fr\/blizzzart\/wp-json\/wp\/v2\/types\/page"}],"author":[{"embeddable":true,"href":"https:\/\/www.archi-pierre.fr\/blizzzart\/wp-json\/wp\/v2\/users\/1"}],"replies":[{"embeddable":true,"href":"https:\/\/www.archi-pierre.fr\/blizzzart\/wp-json\/wp\/v2\/comments?post=132"}],"version-history":[{"count":17,"href":"https:\/\/www.archi-pierre.fr\/blizzzart\/wp-json\/wp\/v2\/pages\/132\/revisions"}],"predecessor-version":[{"id":477,"href":"https:\/\/www.archi-pierre.fr\/blizzzart\/wp-json\/wp\/v2\/pages\/132\/revisions\/477"}],"wp:attachment":[{"href":"https:\/\/www.archi-pierre.fr\/blizzzart\/wp-json\/wp\/v2\/media?parent=132"}],"curies":[{"name":"wp","href":"https:\/\/api.w.org\/{rel}","templated":true}]}}